{"id":912,"date":"2015-07-13T15:38:47","date_gmt":"2015-07-13T15:38:47","guid":{"rendered":"http:\/\/www.mulheresliberais.com\/blog\/?page_id=912"},"modified":"2015-07-13T15:38:47","modified_gmt":"2015-07-13T15:38:47","slug":"mulheres-procuram-amantes-na-regiao-de-setubal","status":"publish","type":"page","link":"https:\/\/www.mulheresliberais.com\/blog\/mulheres-procuram-amantes-na-regiao-de-setubal\/","title":{"rendered":"Mulheres procuram amantes na regi\u00e3o de Set\u00fabal"},"content":{"rendered":"<p>Muitas mulheres\u00a0procuram amantes\u00a0para terem\u00a0<strong>encontros secretos\u00a0e escaldantes em Set\u00fabal<\/strong>. Todos os dias, cada vez mais h\u00e1 mulheres casadas que desejam e procuram um amante! Muitas vezes, estas\u00a0<strong>mulheres casadas infi\u00e9is procuram algu\u00e9m que lhes queira dar aten\u00e7\u00e3o, pois os seus c\u00f4njuges j\u00e1 n\u00e3o lhes d\u00e3o o amor e carinho que precisam.<\/strong>\u00a0Os maridos j\u00e1 n\u00e3o lhes ligam, e uma mulher gosta de se sentir desejada\u2026<\/p>\n<p>&nbsp;<\/p>\n<p>O site\u00a0Mulheres Liberais\u00a0est\u00e1 repleto de mulheres casadas infi\u00e9is desejosas de encontrar um homem escaldante, misterioso, e solteiro, ou at\u00e9 mesmo um homem casado infiel que se queira tornar no seu amante e que lhe d\u00ea o amor e carinho que precisa.<\/p>\n<p>Agora j\u00e1 n\u00e3o \u00e9 dif\u00edcil de encontrar a amante dos seus sonhos. Para isto, basta inscrever-se no <strong><em>site<\/em><\/strong><strong> de encontros<\/strong>\u00a0e ir\u00e1 encontrar a pessoa que tanto procura e conseguir\u00e1 ter o encontro escaldante que sempre desejou! As mulheres procuram amantes e voc\u00ea o mesmo!<\/p>\n<p>Est\u00e3o aqui testemunhos de algumas utilizadoras que encontraram o seu amante e j\u00e1 tiveram v\u00e1rios\u00a0<a href=\"https:\/\/www.mulheresliberais.com\/blog\/experimentar-encontros-online\/\">encontros online<\/a>\u00a0e\u00a0<strong>encontros reais com homens que partilham os mesmos interesses e fantasias sexuais<\/strong>.<\/p>\n<p>&nbsp;<\/p>\n<h2>Mulheres procuram amantes<\/h2>\n<blockquote><p>H\u00e1 sete anos que sou uma mulher casada, mas sou mais uma esposa infiel entre muitas espalhadas por Portugal, principalmente em Set\u00fabal! Admito abertamente que adoro ter encontros \u00edntimos e r\u00e1pidos com outros homens. N\u00e3o procuro nada s\u00e9rio, apenas quero divers\u00e3o. O <em>site<\/em> permitiu ter encontros extraconjugais com outros homens casados sem nunca ser apanhada. O sigilo \u00e9 algo que, para mim, \u00e9 fundamental e neste <em>site<\/em> sei que posso estar descansada.<\/p><\/blockquote>\n<p style=\"text-align: right;\"><em>Lu\u00edsa, Set\u00fabal<\/em><\/p>\n<p>&nbsp;<\/p>\n<blockquote>\n<p style=\"text-align: left;\">O meu marido \u00e9 comercial e passa muito tempo fora. Por isso, n\u00e3o me consegue dar a aten\u00e7\u00e3o que preciso. Sou uma mulher muito sexual e preciso de carinho e aten\u00e7\u00e3o constante. Por isso, j\u00e1 tive v\u00e1rios encontros discretos com homens infi\u00e9is e digo-vos que foi uma das coisas mais excitantes que j\u00e1 fiz! Tamb\u00e9m j\u00e1 conheci homens que n\u00e3o partilhavam os mesmos interesses, mas acab\u00e1mos por ficar amigos e devo de confessar que as muitas conversas <em>online<\/em> d\u00e3o para aquecer, e bem!!!<\/p>\n<\/blockquote>\n<p style=\"text-align: right;\"><em>Leila, Set\u00fabal<\/em><\/p>\n<p>&nbsp;<\/p>\n<blockquote><p>Sou consultora e trabalho em Set\u00fabal. Digo ao meu marido que, muitas vezes, tenho que trabalhar at\u00e9 tarde, mas o que fa\u00e7o na realidade \u00e9 tentar ter encontros com outros homens. Infelizmente, sinto que n\u00e3o existe desejo da parte do meu marido e senti a necessidade de me encontrar com outros homens. Devo confessar que n\u00e3o estou nada arrependida! O facto de serem encontros casuais torna tudo muito mais f\u00e1cil, e nada disto seria poss\u00edvel sem o aux\u00edlio do Mulheres Liberais. N\u00e3o me lembro de me sentir mais excitada. S\u00f3 de escrever este testemunho j\u00e1 me sinto excitado e com vontade de marcar o meu pr\u00f3ximo encontro!<\/p><\/blockquote>\n<p style=\"text-align: right;\"><em>Am\u00e9lia, Set\u00fabal<\/em><\/p>\n<p>&nbsp;<\/p>\n<p>Estes s\u00e3o apenas alguns dos testemunhos de\u00a0<strong>esposas infi\u00e9is de Set\u00fabal que est\u00e3o desejosas de conhec\u00ea-lo e experimentar os chamados encontros casuais e escaldantes<\/strong>! N\u00e3o acha que chega de perder tempo com pessoas que n\u00e3o lhe interessam? Fa\u00e7a uma pesquisa r\u00e1pida na \u00e1rea de Set\u00fabal e arredores e conhe\u00e7a a mulher de sonho que possa vir a ser a sua amante perfeita! As mulheres procuram amantes e voc\u00ea pode-se tornar nesse homem!<\/p>\n","protected":false},"excerpt":{"rendered":"<p>Muitas mulheres\u00a0procuram amantes\u00a0para terem\u00a0encontros secretos\u00a0e escaldantes em Set\u00fabal. Todos os dias, cada vez mais h\u00e1 mulheres casadas que desejam e procuram um amante! Muitas vezes, estas\u00a0mulheres casadas infi\u00e9is procuram algu\u00e9m que lhes queira dar aten\u00e7\u00e3o, pois os seus c\u00f4njuges j\u00e1 n\u00e3o lhes d\u00e3o o amor e carinho que precisam.\u00a0Os maridos j\u00e1 n\u00e3o lhes ligam, e uma mulher gosta de se sentir desejada\u2026 &nbsp; O site\u00a0Mulheres Liberais\u00a0est\u00e1 repleto de mulheres casadas infi\u00e9is desejosas de encontrar um homem escaldante, misterioso, e solteiro, ou at\u00e9 mesmo um homem casado infiel que se queira tornar no seu amante e que lhe d\u00ea o amor <\/p>\n","protected":false},"author":1,"featured_media":871,"parent":0,"menu_order":0,"comment_status":"open","ping_status":"open","template":"page-parallax.php","meta":{"spay_email":""},"yoast_head":"<!-- This site is optimized with the Yoast SEO plugin v17.9 - https:\/\/yoast.com\/wordpress\/plugins\/seo\/ -->\n<meta name=\"description\" content=\"Mulheres procuram amantes na regi\u00e3o de Set\u00fabal. Set\u00fabal est\u00e1 cheio de mulheres que procuram amantes para terem casos extraconjugais escaldantes, n\u00e3o perca!\" \/>\n<meta name=\"robots\" content=\"index, follow, max-snippet:-1, max-image-preview:large, max-video-preview:-1\" \/>\n<link rel=\"canonical\" href=\"https:\/\/www.mulheresliberais.com\/blog\/mulheres-procuram-amantes-na-regiao-de-setubal\/\" \/>\n<meta property=\"og:locale\" content=\"pt_PT\" \/>\n<meta property=\"og:type\" content=\"article\" \/>\n<meta property=\"og:title\" content=\"Mulheres procuram amantes na regi\u00e3o de Set\u00fabal - Mulheres Liberais\" \/>\n<meta property=\"og:description\" content=\"Mulheres procuram amantes na regi\u00e3o de Set\u00fabal. Set\u00fabal est\u00e1 cheio de mulheres que procuram amantes para terem casos extraconjugais escaldantes, n\u00e3o perca!\" \/>\n<meta property=\"og:url\" content=\"https:\/\/www.mulheresliberais.com\/blog\/mulheres-procuram-amantes-na-regiao-de-setubal\/\" \/>\n<meta property=\"og:site_name\" content=\"Mulheres Liberais\" \/>\n<meta property=\"og:image\" content=\"https:\/\/www.mulheresliberais.com\/blog\/wp-content\/uploads\/2015\/07\/mulheres-procuram-amantes.jpg\" \/>\n\t<meta property=\"og:image:width\" content=\"750\" \/>\n\t<meta property=\"og:image:height\" content=\"563\" \/>\n\t<meta property=\"og:image:type\" content=\"image\/jpeg\" \/>\n<meta name=\"twitter:label1\" content=\"Tempo estimado de leitura\" \/>\n\t<meta name=\"twitter:data1\" content=\"3 minutos\" \/>\n<script type=\"application\/ld+json\" class=\"yoast-schema-graph\">{\"@context\":\"https:\/\/schema.org\",\"@graph\":[{\"@type\":\"WebSite\",\"@id\":\"http:\/\/www.mulheresliberais.com\/blog\/#website\",\"url\":\"http:\/\/www.mulheresliberais.com\/blog\/\",\"name\":\"Mulheres Liberais\",\"description\":\"Encontros Sem Compromisso\",\"potentialAction\":[{\"@type\":\"SearchAction\",\"target\":{\"@type\":\"EntryPoint\",\"urlTemplate\":\"http:\/\/www.mulheresliberais.com\/blog\/?s={search_term_string}\"},\"query-input\":\"required name=search_term_string\"}],\"inLanguage\":\"pt-PT\"},{\"@type\":\"ImageObject\",\"@id\":\"https:\/\/www.mulheresliberais.com\/blog\/mulheres-procuram-amantes-na-regiao-de-setubal\/#primaryimage\",\"inLanguage\":\"pt-PT\",\"url\":\"https:\/\/www.mulheresliberais.com\/blog\/wp-content\/uploads\/2015\/07\/mulheres-procuram-amantes.jpg\",\"contentUrl\":\"https:\/\/www.mulheresliberais.com\/blog\/wp-content\/uploads\/2015\/07\/mulheres-procuram-amantes.jpg\",\"width\":750,\"height\":563,\"caption\":\"mulheres procuram amantes\"},{\"@type\":\"WebPage\",\"@id\":\"https:\/\/www.mulheresliberais.com\/blog\/mulheres-procuram-amantes-na-regiao-de-setubal\/#webpage\",\"url\":\"https:\/\/www.mulheresliberais.com\/blog\/mulheres-procuram-amantes-na-regiao-de-setubal\/\",\"name\":\"Mulheres procuram amantes na regi\\u00e3o de Set\\u00fabal - Mulheres Liberais\",\"isPartOf\":{\"@id\":\"http:\/\/www.mulheresliberais.com\/blog\/#website\"},\"primaryImageOfPage\":{\"@id\":\"https:\/\/www.mulheresliberais.com\/blog\/mulheres-procuram-amantes-na-regiao-de-setubal\/#primaryimage\"},\"datePublished\":\"2015-07-13T15:38:47+00:00\",\"dateModified\":\"2015-07-13T15:38:47+00:00\",\"description\":\"Mulheres procuram amantes na regi\\u00e3o de Set\\u00fabal. Set\\u00fabal est\\u00e1 cheio de mulheres que procuram amantes para terem casos extraconjugais escaldantes, n\\u00e3o perca!\",\"breadcrumb\":{\"@id\":\"https:\/\/www.mulheresliberais.com\/blog\/mulheres-procuram-amantes-na-regiao-de-setubal\/#breadcrumb\"},\"inLanguage\":\"pt-PT\",\"potentialAction\":[{\"@type\":\"ReadAction\",\"target\":[\"https:\/\/www.mulheresliberais.com\/blog\/mulheres-procuram-amantes-na-regiao-de-setubal\/\"]}]},{\"@type\":\"BreadcrumbList\",\"@id\":\"https:\/\/www.mulheresliberais.com\/blog\/mulheres-procuram-amantes-na-regiao-de-setubal\/#breadcrumb\",\"itemListElement\":[{\"@type\":\"ListItem\",\"position\":1,\"name\":\"Home\",\"item\":\"http:\/\/www.mulheresliberais.com\/blog\/\"},{\"@type\":\"ListItem\",\"position\":2,\"name\":\"Mulheres procuram amantes na regi\\u00e3o de Set\\u00fabal\"}]}]}<\/script>\n<!-- \/ Yoast SEO plugin. -->","yoast_head_json":{"description":"Mulheres procuram amantes na regi\u00e3o de Set\u00fabal. Set\u00fabal est\u00e1 cheio de mulheres que procuram amantes para terem casos extraconjugais escaldantes, n\u00e3o perca!","robots":{"index":"index","follow":"follow","max-snippet":"max-snippet:-1","max-image-preview":"max-image-preview:large","max-video-preview":"max-video-preview:-1"},"canonical":"https:\/\/www.mulheresliberais.com\/blog\/mulheres-procuram-amantes-na-regiao-de-setubal\/","og_locale":"pt_PT","og_type":"article","og_title":"Mulheres procuram amantes na regi\u00e3o de Set\u00fabal - Mulheres Liberais","og_description":"Mulheres procuram amantes na regi\u00e3o de Set\u00fabal. Set\u00fabal est\u00e1 cheio de mulheres que procuram amantes para terem casos extraconjugais escaldantes, n\u00e3o perca!","og_url":"https:\/\/www.mulheresliberais.com\/blog\/mulheres-procuram-amantes-na-regiao-de-setubal\/","og_site_name":"Mulheres Liberais","og_image":[{"width":750,"height":563,"url":"https:\/\/www.mulheresliberais.com\/blog\/wp-content\/uploads\/2015\/07\/mulheres-procuram-amantes.jpg","type":"image\/jpeg"}],"twitter_misc":{"Tempo estimado de leitura":"3 minutos"},"schema":{"@context":"https:\/\/schema.org","@graph":[{"@type":"WebSite","@id":"http:\/\/www.mulheresliberais.com\/blog\/#website","url":"http:\/\/www.mulheresliberais.com\/blog\/","name":"Mulheres Liberais","description":"Encontros Sem Compromisso","potentialAction":[{"@type":"SearchAction","target":{"@type":"EntryPoint","urlTemplate":"http:\/\/www.mulheresliberais.com\/blog\/?s={search_term_string}"},"query-input":"required name=search_term_string"}],"inLanguage":"pt-PT"},{"@type":"ImageObject","@id":"https:\/\/www.mulheresliberais.com\/blog\/mulheres-procuram-amantes-na-regiao-de-setubal\/#primaryimage","inLanguage":"pt-PT","url":"https:\/\/www.mulheresliberais.com\/blog\/wp-content\/uploads\/2015\/07\/mulheres-procuram-amantes.jpg","contentUrl":"https:\/\/www.mulheresliberais.com\/blog\/wp-content\/uploads\/2015\/07\/mulheres-procuram-amantes.jpg","width":750,"height":563,"caption":"mulheres procuram amantes"},{"@type":"WebPage","@id":"https:\/\/www.mulheresliberais.com\/blog\/mulheres-procuram-amantes-na-regiao-de-setubal\/#webpage","url":"https:\/\/www.mulheresliberais.com\/blog\/mulheres-procuram-amantes-na-regiao-de-setubal\/","name":"Mulheres procuram amantes na regi\u00e3o de Set\u00fabal - Mulheres Liberais","isPartOf":{"@id":"http:\/\/www.mulheresliberais.com\/blog\/#website"},"primaryImageOfPage":{"@id":"https:\/\/www.mulheresliberais.com\/blog\/mulheres-procuram-amantes-na-regiao-de-setubal\/#primaryimage"},"datePublished":"2015-07-13T15:38:47+00:00","dateModified":"2015-07-13T15:38:47+00:00","description":"Mulheres procuram amantes na regi\u00e3o de Set\u00fabal. Set\u00fabal est\u00e1 cheio de mulheres que procuram amantes para terem casos extraconjugais escaldantes, n\u00e3o perca!","breadcrumb":{"@id":"https:\/\/www.mulheresliberais.com\/blog\/mulheres-procuram-amantes-na-regiao-de-setubal\/#breadcrumb"},"inLanguage":"pt-PT","potentialAction":[{"@type":"ReadAction","target":["https:\/\/www.mulheresliberais.com\/blog\/mulheres-procuram-amantes-na-regiao-de-setubal\/"]}]},{"@type":"BreadcrumbList","@id":"https:\/\/www.mulheresliberais.com\/blog\/mulheres-procuram-amantes-na-regiao-de-setubal\/#breadcrumb","itemListElement":[{"@type":"ListItem","position":1,"name":"Home","item":"http:\/\/www.mulheresliberais.com\/blog\/"},{"@type":"ListItem","position":2,"name":"Mulheres procuram amantes na regi\u00e3o de Set\u00fabal"}]}]}},"jetpack_sharing_enabled":true,"jetpack_shortlink":"https:\/\/wp.me\/P6gLwv-eI","jetpack-related-posts":[{"id":749,"url":"https:\/\/www.mulheresliberais.com\/blog\/esposas-infieis-em-lisboa\/","url_meta":{"origin":912,"position":0},"title":"Esposas infi\u00e9is em Lisboa","date":"","format":false,"excerpt":"Muitas esposas infi\u00e9is procuram homens para terem encontros secretos e picantes em Lisboa, a cada dia que passa cada vez mais h\u00e1 mulheres casadas que querem um amante! Por vezes, estas mulheres casadas infi\u00e9is procuram algu\u00e9m que lhes queira dar amor e aten\u00e7\u00e3o pois o seu casamento j\u00e1 n\u00e3o funciona\u2026","rel":"","context":"Similar post","img":{"alt_text":"esposas infi\u00e9is","src":"https:\/\/i2.wp.com\/www.mulheresliberais.com\/blog\/wp-content\/uploads\/2015\/07\/esposas-infi\u00e9is.jpg?resize=350%2C200&ssl=1","width":350,"height":200},"classes":[]},{"id":1131,"url":"https:\/\/www.mulheresliberais.com\/blog\/encontros-escaldantes-na-bahia\/","url_meta":{"origin":912,"position":1},"title":"Encontros escaldantes na Bahia","date":"","format":false,"excerpt":"Todos n\u00f3s adoramos e procuramos ter aventuras, n\u00e9? As\u00a0mulheres infi\u00e9is na\u00a0Bahia\u00a0est\u00e3o procurando ter encontros escaldantes com homens solteiros ou mesmo casados que satisfa\u00e7am todas as suas necessidades e fantasias. Queremos tudo isso sem qualquer esp\u00e9cie de comprometimento e com a m\u00e1xima descri\u00e7\u00e3o poss\u00edvel. Qualquer mulher que sinta falta de aten\u00e7\u00e3o\u2026","rel":"","context":"Similar post","img":{"alt_text":"encontros escaldantes","src":"https:\/\/i2.wp.com\/www.mulheresliberais.com\/blog\/wp-content\/uploads\/2015\/07\/encontros-escaldantes.jpg?resize=350%2C200&ssl=1","width":350,"height":200},"classes":[]},{"id":1129,"url":"https:\/\/www.mulheresliberais.com\/blog\/mulheres-brasileiras-liberais-no-amapa\/","url_meta":{"origin":912,"position":2},"title":"Mulheres brasileiras liberais no Amap\u00e1","date":"","format":false,"excerpt":"Muitas mulheres brasileiras liberais procuram\u00a0encontros secretos no\u00a0Amap\u00e1, sabia? Essas mulheres n\u00e3o querem apenas homens casados estejam tamb\u00e9m dispostos a trair, mas cada vez mais as mulheres infi\u00e9is buscam um amante perfeito. Essa \u00e9 a melhor forma para encontrar amantes e para realizarem seus desejos escaldantes. \u00a0No\u00a0Mulheres Liberais, voc\u00ea encontra milhares\u2026","rel":"","context":"Similar post","img":{"alt_text":"mulheres brasileiras liberais","src":"https:\/\/i1.wp.com\/www.mulheresliberais.com\/blog\/wp-content\/uploads\/2015\/07\/mulheres-casadas-liberais.jpg?resize=350%2C200&ssl=1","width":350,"height":200},"classes":[]},{"id":1114,"url":"https:\/\/www.mulheresliberais.com\/blog\/encontrar-casadas-na-regiao-de-minas-gerais\/","url_meta":{"origin":912,"position":3},"title":"Encontrar casadas na regi\u00e3o de Minas Gerais","date":"","format":false,"excerpt":"Mulher casada \u00e0 procura de amante \u00e9 coisa que n\u00e3o falta em Minas Gerais. Acredite que n\u00e3o \u00e9 nada dif\u00edcil encontrar casadas com desejo de trair seus maridos. Existem muitas raz\u00f5es para elas quererem amantes. O marido n\u00e3o lhes d\u00e1 a aten\u00e7\u00e3o de que necessitam, est\u00e3o fartas da mesma rotina\u2026","rel":"","context":"Similar post","img":{"alt_text":"","src":"","width":0,"height":0},"classes":[]},{"id":770,"url":"https:\/\/www.mulheresliberais.com\/blog\/ligacoes-com-mulheres-na-zona-do-porto\/","url_meta":{"origin":912,"position":4},"title":"Liga\u00e7\u00f5es com mulheres na zona do Porto","date":"","format":false,"excerpt":"A procura de encontros sexuais est\u00e1 cada vez maior mas nem sempre h\u00e1 tempo para ir a bares, restaurantes e discotecas para conhecer novas pessoas. Os encontros e desencontros amorosos s\u00e3o cada vez mais e nem toda a gente se quer apaixonar, ali\u00e1s o que maior parte das pessoas querem\u2026","rel":"","context":"With 28 comments","img":{"alt_text":"mulheres na zona do Porto","src":"https:\/\/i2.wp.com\/www.mulheresliberais.com\/blog\/wp-content\/uploads\/2015\/07\/Porto.jpg?resize=350%2C200&ssl=1","width":350,"height":200},"classes":[]},{"id":896,"url":"https:\/\/www.mulheresliberais.com\/blog\/encontros-discretos-na-area-de-castelo-branco\/","url_meta":{"origin":912,"position":5},"title":"Encontros discretos na \u00e1rea de Castelo Branco","date":"","format":false,"excerpt":"A zona de Castelo Branco \u00e9 conhecida pelo calor e pelo fogo, mas neste caso venho-vos falar do fogo que as mulheres bonitas da \u00e1rea sentem e que tem que ser apagado! Mas n\u00e3o \u00e9 por quem quer mas sim por quem elas escolherem para terem encontros discretos. Estas mulheres\u2026","rel":"","context":"With 28 comments","img":{"alt_text":"encontros discretos","src":"https:\/\/i1.wp.com\/www.mulheresliberais.com\/blog\/wp-content\/uploads\/2015\/07\/encontros-discretos.jpg?resize=350%2C200&ssl=1","width":350,"height":200},"classes":[]}],"_links":{"self":[{"href":"https:\/\/www.mulheresliberais.com\/blog\/wp-json\/wp\/v2\/pages\/912"}],"collection":[{"href":"https:\/\/www.mulheresliberais.com\/blog\/wp-json\/wp\/v2\/pages"}],"about":[{"href":"https:\/\/www.mulheresliberais.com\/blog\/wp-json\/wp\/v2\/types\/page"}],"author":[{"embeddable":true,"href":"https:\/\/www.mulheresliberais.com\/blog\/wp-json\/wp\/v2\/users\/1"}],"replies":[{"embeddable":true,"href":"https:\/\/www.mulheresliberais.com\/blog\/wp-json\/wp\/v2\/comments?post=912"}],"version-history":[{"count":1,"href":"https:\/\/www.mulheresliberais.com\/blog\/wp-json\/wp\/v2\/pages\/912\/revisions"}],"predecessor-version":[{"id":913,"href":"https:\/\/www.mulheresliberais.com\/blog\/wp-json\/wp\/v2\/pages\/912\/revisions\/913"}],"wp:featuredmedia":[{"embeddable":true,"href":"https:\/\/www.mulheresliberais.com\/blog\/wp-json\/wp\/v2\/media\/871"}],"wp:attachment":[{"href":"https:\/\/www.mulheresliberais.com\/blog\/wp-json\/wp\/v2\/media?parent=912"}],"curies":[{"name":"wp","href":"https:\/\/api.w.org\/{rel}","templated":true}]}}